ainder when s is divided by 705?
7
Let p(j) = j**3 + 6*j**2 - 243*j - 39. What is the remainder when 765 is divided by p(13)?
11
Suppose -5*c - 213 = -4*i, -3*i + 6*i = -2*c + 131. What is the remainder when i is divided by (13/3)/(4/12)?
8
What is the remainder when 596225/245 - 3/(-7) is divided by 12?
10
Suppose 4*c - k = 1171, -2*k + 584 + 578 = 4*c. Let x = 439 - c. Let w = -51 + 101. What is the remainder when x is divided by w?
47
Let n = -79 + 111. Suppose -n = -t + 5*s + 55, 5*s - 25 = 0. Calculate the remainder when t is divided by 25.
12
What is the remainder when (-90)/14*1757/(-3) is divided by 1882?
1
Let x(s) = -s**3 + 5*s**2 + s - 2. Let a(l) = -193*l + 2164. What is the remainder when a(11) is divided by x(5)?
2
Let g be ((-5)/(-5))/(3 + (-160)/52). Let o(k) = k**3 + 13*k**2 - 17*k + 18. What is the remainder when o(g) is divided by 15?
14
Let b(u) = u**2 - 4*u - 27. Let j be b(8). Suppose -3*o - 2*o = -3*i - 1254, -i = j*o - 1242. What is the remainder when o is divided by 42?
39
Let f(v) = -v**3 - 2*v**2 + v + 20. Let q be f(0). Let h = 12 + -7. Suppose -h*b - q = -345. Calculate the remainder when b is divided by 17.
14
Let z be 3/(-12) + 58/8. Suppose -2*o - 2*y = -z*y - 54, -41 = -o - y. Let q = 2321 + -2213. What is the remainder when q is divided by o?
34
Let j = 1105 + -1089. Let q(b) = -25*b - 2. What is the remainder when q(-7) is divided by j?
13
Calculate the remainder when 3862 is divided by (21*3/(-9))/(-1).
5
Let a(u) = 24*u**2 - 875*u - 276. What is the remainder when a(37) is divided by 110?
95
Let v = 1 + 0. Suppose -14*y + 10*y = c - 21, 5*y = -5*c + 30. Suppose -g - 1 = 2*n - 12, 5*n = -y*g + 30. What is the remainder when v is divided by g?
0
Let n(j) = -j**2 - 34*j + 583. Calculate the remainder when 48 is divided by n(12).
17
Let v(i) be the second derivative of -i**4/12 + 8*i**3/3 - 4*i**2 + 16*i + 4. Calculate the remainder when 87 is divided by v(5).
40
Let a = -257 + 260. Let i = 32 - 19. What is the remainder when i is divided by (3 + (6 - a))*(-20)/(-15)?
5
Suppose -o + 5*y = -1880, o + 106*y = 108*y + 1886. Calculate the remainder when o is divided by 936.
18
Let w(q) = q**3 - 21*q**2 + 13*q - 72. Calculate the remainder when w(23) is divided by 56.
53
Let w = -2 + 17. Let k(p) be the second derivative of p**4/6 - 3*p**3 + 7*p**2 + p. What is the remainder when k(11) is divided by w?
13
Let h(i) = -i + 5. Let j(l) = 2*l**2 - 5*l - 3. Let y be j(0). What is the remainder when 31 is divided by h(y)?
7
Let i = 71 - 36. Let u(p) = 3*p**2 - 38*p - 1848. What is the remainder when u(-20) is divided by i?
7
Let b(v) = -v + 18. Let h be b(-13). Let p = 26 + h. Let i(t) = -t**2 - 37*t - 29. Calculate the remainder when i(-24) is divided by p.
55
Let g = -19 - -2507. What is the remainder when g is divided by 178?
174
Let j = -22492 + 22537. Let z = 43 + -26. Calculate the remainder when j is divided by z.
11
Let q be (42/105)/(2/30). Suppose q*r = 10*r - 12. Suppose -2*n + z - 20 + 46 = 0, 32 = r*n - 5*z. Calculate the remainder when 53 is divided by n.
11
Suppose -3*r = v - 10, 4*v = 2*v + 3*r + 29. What is the remainder when 547 is divided by v?
1
Suppose -4*s + 2040 = -4*x, 0*x - 1532 = -3*s + 4*x. Calculate the remainder when s is divided by 108.
76
Let n(c) = -60*c + 41. Let d be n(3). Let g = 457 + d. What is the remainder when g is divided by 16?
14
Let j(q) be the first derivative of q**3/3 - 6*q**2 - 52*q + 64. What is the remainder when 91 is divided by j(16)?
7
Suppose 3*n = 5*m - 7142, 12*n + 13 - 25 = 0. Calculate the remainder when m is divided by 55.
54
Let v = -1085 + 1532. Let k = v + -274. What is the remainder when k is divided by 24 + 1 - (-11 - -11)?
23
Suppose 0 = -10*q - 270 + 280. What is the remainder when 36/(-12) + q/(1/137) is divided by 24?
14
Let b = 82 + -43. Suppose -2*l + 34 = 2*t, -3 = t - 5*l - 2. Suppose t*w = 23*w - 198. Calculate the remainder when b is divided by w.
17
Suppose 186 = -3*r - 2*n + 587, 0 = 3*r - 3*n - 396. What is the remainder when r is divided by 54?
25
Suppose 6*j - 9*j = 4*a - 64, 4*j - 41 = -3*a. What is the remainder when a is divided by 14?
5
Suppose -5*u + 1543 = q, 717 = 3*u + 4*q - 202. Suppose -3*p + 20 = -19. Calculate the remainder when u is divided by p.
10
Suppose 12*r + 5 = -j + 15*r, 3*r = 0. Let b(u) = -64*u + 44. Calculate the remainder when b(j) is divided by 61.
59
Let n = 516 - 344. What is the remainder when n/5 + 4*1/(-10) is divided by 7?
6
Suppose -2*x + 283 + 219 = 0. Let g = 417 - x. Suppose -2*b - 2*j + 74 = 0, 4*b - 99 = 2*b + 3*j. What is the remainder when g is divided by b?
40
Suppose -d = -2*m + 887, m = 5*d + 682 - 234. Suppose 0 = 11*a - 1097 - m. What is the remainder when a is divided by 37?
29
Let m(i) = -i**2 - 9*i + 38. Let l = -140 + 128. Let d(g) = 2*g**2 + 3*g + 3. Calculate the remainder when d(-3) is divided by m(l).
0
Let d(f) = 94*f - 327. Let a be d(8). Let g = 463 - a. Calculate the remainder when g is divided by 24.
14
Let y = 1964 + -1951. What is the remainder when 1336 is divided by y?
10
What is the remainder when (5 - -1*(-8)/(-4)) + 148 is divided by (-2*1)/(1*(-5)/65)?
25
Let m = 15929 - 15830. Calculate the remainder when 347 is divided by m.
50
Let i = -4534 - -4843. Calculate the remainder when i is divided by 22.
1
Suppose 4*k + 4*w + 36 = 0, 3*k + 39 = -5*w + 4. Calculate the remainder when 5/((-150)/k) + 2386/12 is divided by 29.
25
Let f(m) = -m**3 - 9*m**2 - m + 9. What is the remainder when (28/(-6) + 6)*(-8 - (-875)/10) is divided by f(-9)?
16
Let m be (-1 - 1)/(-3 + (-52)/(-20)). What is the remainder when (6 - (m - 1)) + 104 is divided by 6?
4
Suppose 3*b + 783 = 3*z, 10*z - 6*z - 1044 = -3*b. What is the remainder when z is divided by 11?
8
Let l = -3530 + 3980. Calculate the remainder when 1367 is divided by l.
17
Let b(t) = 234*t - 3258. Let y(i) = 16*i - 4. What is the remainder when y(3) is divided by b(14)?
8
Let s be 41 - 2*(-21)/7. Suppose -15*z + s = -73. What is the remainder when 30 is divided by z?
6
Suppose 7*a - 34 = 92 + 56. Calculate the remainder when 72 is divided by a.
20
Let x(s) = 7*s**2 + 8*s - 12 + 20 - s. Let t be x(7). Calculate the remainder when (2/4)/((-396)/t - -1) is divided by 17.
16
Suppose 2*n + 2*v - 1176 = 0, 0*v = 4*n - 2*v - 2334. What is the remainder when (-7)/28 + n/20 is divided by 8?
5
Let h(v) = -11*v - 5. Let p(o) = 44*o + 21. Let d(l) = -9*h(l) - 2*p(l). Let i be d(-4). Let a = 57 + i. What is the remainder when 62 is divided by a?
14
Let t(n) = 46*n - 135. Let g be t(3). Suppose -g*o = -c + 32, 4*o - 165 + 5 = -5*c. Calculate the remainder when 63 is divided by c.
31
Suppose 0 = -524*w + 6126 + 686. What is the remainder when 1782 is divided by w?
1
Let f = 14164 + -12442. What is the remainder when 3445 is divided by f?
1
Suppose -101 - 62 = -j. Let r = -155 + j. Calculate the remainder when 158 is divided by r.
6
Suppose -971 = -2*c - 289. Calculate the remainder when c is divided by 7.
5
Suppose 152*u = 148*u + 3612. Suppose u = 5*x + 398. Calculate the remainder when x is divided by 40.
21
Let o(v) = 3*v**2 - 3*v - 4. Let t be o(2). Let i(n) = -10*n**2 - 3*n + 6. Let h be i(t). Let m = 44 + h. Calculate the remainder when 19 is divided by m.
3
Suppose 0 = -0*b + b - 7. Suppose -4*q + 1 - 5 = 0, -4*n = -5*q + 43. What is the remainder when b is divided by (n/(-15))/((-4)/(-10))?
1
Let v(a) be the second derivative of 0*a**3 + 1/20*a**5 - 7/2*a**2 + 0 + 17*a + 1/2*a**4. What is the remainder when 35 is divided by v(-3)?
15
Let t(z) = 4*z**3 + 7*z**2 - 30*z - 92. What is the remainder when t(6) is divided by 29?
3
What is the remainder when 5744 is divided by 13/((16 + -9)/7)?
11
Let v(y) = 19*y + 852. What is the remainder when 530 is divided by v(-17)?
1
Suppose -20*j + 10*j = j. Calculate the remainder when (-10)/15 - ((-1892)/12 + j) is divided by 9.
4
Suppose 3*x + 87 = 2*y - 160, -x = 4*y - 557. What is the remainder when 147 is divided by y?
10
Let r = -1417 - -1613. What is the remainder when r is divided by 194?
2
Calculate the remainder when 212 is divided by 4/(-10) - ((-464)/10 - 1).
24
Let x(n) = 473*n + 4634. Calculate the remainder when x(-8) is divided by 172.
162
Let s be 6 + -12 + 14 + -5. Suppose 25 = 4*y - 3*x, 5*